{"id":45,"date":"2020-04-25T08:27:24","date_gmt":"2020-04-25T08:27:24","guid":{"rendered":"https:\/\/www.riveiro1980.com\/?page_id=45"},"modified":"2020-04-25T20:23:02","modified_gmt":"2020-04-25T20:23:02","slug":"color","status":"publish","type":"page","link":"https:\/\/www.riveiro1980.com\/index.php\/color\/","title":{"rendered":"Color"},"content":{"rendered":"\n<figure class=\"wp-block-image size-large is-style-rounded\"><img loading=\"lazy\" width=\"348\" height=\"341\" src=\"https:\/\/www.riveiro1980.com\/wp-content\/uploads\/2020\/04\/COLOR-5.png\" alt=\"\" class=\"wp-image-200\" srcset=\"https:\/\/www.riveiro1980.com\/wp-content\/uploads\/2020\/04\/COLOR-5.png 348w, https:\/\/www.riveiro1980.com\/wp-content\/uploads\/2020\/04\/COLOR-5-300x294.png 300w\" sizes=\"(max-width: 348px) 100vw, 348px\" \/><\/figure>\n\n\n\n<p>Si t\u00fa te atreves, \u00a1nosotros tambi\u00e9n! <\/p>\n\n\n\n<p>P\u00eddenos lo que necesites, desde una mechas claras  hasta colores intensos de larga duraci\u00f3n. M\u00e1s de 30 d\u00edas sin perder el tono. <a href=\"https:\/\/www.riveiro1980.com\/index.php\/reserva-de-citas\/\" target=\"_blank\" rel=\"noreferrer noopener\">\u00a1Luce tu cabello como quieras!<\/a><\/p>\n<!-- AddThis Advanced Settings generic via filter on the_content --><!-- AddThis Share Buttons generic via filter on the_content -->","protected":false},"excerpt":{"rendered":"<p>Si t\u00fa te atreves, \u00a1nosotros tambi\u00e9n! P\u00eddenos lo que necesites, desde una mechas claras hasta colores intensos de larga duraci\u00f3n. M\u00e1s de 30 d\u00edas sin perder el tono. \u00a1Luce tu cabello como quieras!<!-- AddThis Advanced Settings generic via filter on get_the_excerpt --><!-- AddThis Share Buttons generic via filter on get_the_excerpt --><\/p>\n","protected":false},"author":1,"featured_media":0,"parent":0,"menu_order":0,"comment_status":"closed","ping_status":"closed","template":"","meta":[],"yoast_head":"<!-- This site is optimized with the Yoast SEO plugin v15.9 - https:\/\/yoast.com\/wordpress\/plugins\/seo\/ -->\n<title>Color - Riveiro 1980<\/title>\n<meta name=\"description\" content=\"P\u00eddenos lo que necesites, desde una mechas claras hasta colores intensos de larga duraci\u00f3n. M\u00e1s de 30 d\u00edas sin perder el tono. \u00a1Luce tu cabello como quieras!\" \/>\n<meta name=\"robots\" content=\"index, follow, max-snippet:-1, max-image-preview:large, max-video-preview:-1\" \/>\n<link rel=\"canonical\" href=\"https:\/\/www.riveiro1980.com\/index.php\/color\/\" \/>\n<meta property=\"og:locale\" content=\"es_ES\" \/>\n<meta property=\"og:type\" content=\"article\" \/>\n<meta property=\"og:title\" content=\"Color - Riveiro 1980\" \/>\n<meta property=\"og:description\" content=\"P\u00eddenos lo que necesites, desde una mechas claras hasta colores intensos de larga duraci\u00f3n. M\u00e1s de 30 d\u00edas sin perder el tono. \u00a1Luce tu cabello como quieras!\" \/>\n<meta property=\"og:url\" content=\"https:\/\/www.riveiro1980.com\/index.php\/color\/\" \/>\n<meta property=\"og:site_name\" content=\"Riveiro 1980\" \/>\n<meta property=\"article:modified_time\" content=\"2020-04-25T20:23:02+00:00\" \/>\n<meta property=\"og:image\" content=\"https:\/\/www.riveiro1980.com\/wp-content\/uploads\/2020\/04\/COLOR-5.png\" \/>\n<meta name=\"twitter:card\" content=\"summary_large_image\" \/>\n<script type=\"application\/ld+json\" class=\"yoast-schema-graph\">{\"@context\":\"https:\/\/schema.org\",\"@graph\":[{\"@type\":[\"Person\",\"Organization\"],\"@id\":\"https:\/\/www.riveiro1980.com\/#\/schema\/person\/9790ca94c2d1b180395d23e735e6684c\",\"name\":\"admin\",\"image\":{\"@type\":\"ImageObject\",\"@id\":\"https:\/\/www.riveiro1980.com\/#personlogo\",\"inLanguage\":\"es\",\"url\":\"https:\/\/www.riveiro1980.com\/wp-content\/litespeed\/avatar\/fd07d3280eb24f6947597c07e58f52d7.jpg?ver=1778403204\",\"caption\":\"admin\"},\"logo\":{\"@id\":\"https:\/\/www.riveiro1980.com\/#personlogo\"},\"sameAs\":[\"https:\/\/www.riveiro1980.com\"]},{\"@type\":\"WebSite\",\"@id\":\"https:\/\/www.riveiro1980.com\/#website\",\"url\":\"https:\/\/www.riveiro1980.com\/\",\"name\":\"Riveiro1980\",\"description\":\"Peluquer&iacute;a y Barber&iacute;a\",\"publisher\":{\"@id\":\"https:\/\/www.riveiro1980.com\/#\/schema\/person\/9790ca94c2d1b180395d23e735e6684c\"},\"potentialAction\":[{\"@type\":\"SearchAction\",\"target\":\"https:\/\/www.riveiro1980.com\/?s={search_term_string}\",\"query-input\":\"required name=search_term_string\"}],\"inLanguage\":\"es\"},{\"@type\":\"ImageObject\",\"@id\":\"https:\/\/www.riveiro1980.com\/index.php\/color\/#primaryimage\",\"inLanguage\":\"es\",\"url\":\"https:\/\/www.riveiro1980.com\/wp-content\/uploads\/2020\/04\/COLOR-5.png\",\"width\":348,\"height\":341},{\"@type\":\"WebPage\",\"@id\":\"https:\/\/www.riveiro1980.com\/index.php\/color\/#webpage\",\"url\":\"https:\/\/www.riveiro1980.com\/index.php\/color\/\",\"name\":\"Color - Riveiro 1980\",\"isPartOf\":{\"@id\":\"https:\/\/www.riveiro1980.com\/#website\"},\"primaryImageOfPage\":{\"@id\":\"https:\/\/www.riveiro1980.com\/index.php\/color\/#primaryimage\"},\"datePublished\":\"2020-04-25T08:27:24+00:00\",\"dateModified\":\"2020-04-25T20:23:02+00:00\",\"description\":\"P\\u00eddenos lo que necesites, desde una mechas claras hasta colores intensos de larga duraci\\u00f3n. M\\u00e1s de 30 d\\u00edas sin perder el tono. \\u00a1Luce tu cabello como quieras!\",\"breadcrumb\":{\"@id\":\"https:\/\/www.riveiro1980.com\/index.php\/color\/#breadcrumb\"},\"inLanguage\":\"es\",\"potentialAction\":[{\"@type\":\"ReadAction\",\"target\":[\"https:\/\/www.riveiro1980.com\/index.php\/color\/\"]}]},{\"@type\":\"BreadcrumbList\",\"@id\":\"https:\/\/www.riveiro1980.com\/index.php\/color\/#breadcrumb\",\"itemListElement\":[{\"@type\":\"ListItem\",\"position\":1,\"item\":{\"@type\":\"WebPage\",\"@id\":\"https:\/\/www.riveiro1980.com\/\",\"url\":\"https:\/\/www.riveiro1980.com\/\",\"name\":\"Portada\"}},{\"@type\":\"ListItem\",\"position\":2,\"item\":{\"@type\":\"WebPage\",\"@id\":\"https:\/\/www.riveiro1980.com\/index.php\/color\/\",\"url\":\"https:\/\/www.riveiro1980.com\/index.php\/color\/\",\"name\":\"Color\"}}]}]}<\/script>\n<!-- \/ Yoast SEO plugin. -->","_links":{"self":[{"href":"https:\/\/www.riveiro1980.com\/index.php\/wp-json\/wp\/v2\/pages\/45"}],"collection":[{"href":"https:\/\/www.riveiro1980.com\/index.php\/wp-json\/wp\/v2\/pages"}],"about":[{"href":"https:\/\/www.riveiro1980.com\/index.php\/wp-json\/wp\/v2\/types\/page"}],"author":[{"embeddable":true,"href":"https:\/\/www.riveiro1980.com\/index.php\/wp-json\/wp\/v2\/users\/1"}],"replies":[{"embeddable":true,"href":"https:\/\/www.riveiro1980.com\/index.php\/wp-json\/wp\/v2\/comments?post=45"}],"version-history":[{"count":4,"href":"https:\/\/www.riveiro1980.com\/index.php\/wp-json\/wp\/v2\/pages\/45\/revisions"}],"predecessor-version":[{"id":208,"href":"https:\/\/www.riveiro1980.com\/index.php\/wp-json\/wp\/v2\/pages\/45\/revisions\/208"}],"wp:attachment":[{"href":"https:\/\/www.riveiro1980.com\/index.php\/wp-json\/wp\/v2\/media?parent=45"}],"curies":[{"name":"wp","href":"https:\/\/api.w.org\/{rel}","templated":true}]}}