{"id":19,"date":"2020-04-24T20:33:43","date_gmt":"2020-04-24T20:33:43","guid":{"rendered":"https:\/\/www.riveiro1980.com\/?page_id=19"},"modified":"2020-06-02T18:50:52","modified_gmt":"2020-06-02T18:50:52","slug":"sobre-nosotros-mario-riveiro","status":"publish","type":"page","link":"https:\/\/www.riveiro1980.com\/index.php\/sobre-nosotros-mario-riveiro\/","title":{"rendered":"Sobre Nosotros"},"content":{"rendered":"\n<p>Somos <strong>Beni y Mario<\/strong> <strong>Riveiro<\/strong>. Si quieres saber algo sobre nosotros, comenzaremos cont\u00e1ndote con algo tan simple como que somos un padre y un hijo trabajando codo con codo en la pasi\u00f3n que a ambos nos une, la <strong>peluquer\u00eda de caballeros y la barber\u00eda<\/strong>. <\/p>\n\n\n\n<p class=\"has-text-align-left\">Contamos con una <strong>trayectoria en el sector <\/strong>de la imagen personal masculina de<strong> m\u00e1s de 40 y 25 a\u00f1os<\/strong> respectivamente. Contamos con multitud de premios tanto nacionales como internacionales. Hasta llegar a tan alto nivel como el de ser <strong><a rel=\"noreferrer noopener\" href=\"https:\/\/tocado.es\/espana-subcampeona-del-mundo-de-barberia\/\" target=\"_blank\">Subcampeones del Mundo<\/a> <\/strong>en la competici\u00f3n m\u00e1s longeva y grande a nivel mundial OMC HairWorld.  La competici\u00f3n es una de nuestras pasiones m\u00e1s sacrificadas&#8230;  <\/p>\n\n\n\n<p>Beni es un competidor nato desde sus inicios, acumula infinidad de premios entre los que cuenta con el Peine de Oro. En nuestro perfil de Instagram cada semana os contamos un poco de nuestra historia. \u00a1P\u00e1sate a verlo!  Mario, por su parte, empez\u00f3 a competir a los 15 a\u00f1os pero, aunque triunfante, decidi\u00f3 no seguir este camino hasta 2019. Volvi\u00f3 y lo hizo por la puerta grande, primer mundial al que se presentaba y logr\u00f3 ser Subcampe\u00f3n del Mundo individual de Peluquer\u00eda masculina y mismo t\u00edtulo por mejor equipo de Barberos. <\/p>\n\n\n\n<p>Ya pod\u00e9is intuir que esto de ser peluqueros no es un trabajo para nosotros, es una pasi\u00f3n. <\/p>\n\n\n\n<p><a rel=\"noreferrer noopener\" href=\"https:\/\/www.riveiro1980.com\/index.php\/reserva-de-citas\/\" target=\"_blank\">\u00a1Os esperamos con los brazos abiertos en nuestro sal\u00f3n!<\/a> Ser un local familiar es uno de nuestros grandes valores. <\/p>\n\n\n\n<p>Beni y Mario Riveiro. <\/p>\n<!-- AddThis Advanced Settings generic via filter on the_content --><!-- AddThis Share Buttons generic via filter on the_content -->","protected":false},"excerpt":{"rendered":"<p>Somos Beni y Mario Riveiro. Si quieres saber algo sobre nosotros, comenzaremos cont\u00e1ndote con algo tan simple como que somos un padre y un hijo trabajando codo con codo en la pasi\u00f3n que a ambos nos une, la peluquer\u00eda de caballeros y la barber\u00eda. Contamos con una trayectoria en el sector de la imagen personal &hellip; <\/p>\n<p class=\"link-more\"><a href=\"https:\/\/www.riveiro1980.com\/index.php\/sobre-nosotros-mario-riveiro\/\" class=\"more-link\">Continuar leyendo<span class=\"screen-reader-text\"> \u00abSobre Nosotros\u00bb<\/span><\/a><\/p>\n<p><!-- AddThis Advanced Settings generic via filter on get_the_excerpt --><!-- AddThis Share Buttons generic via filter on get_the_excerpt --><\/p>\n","protected":false},"author":1,"featured_media":20,"parent":0,"menu_order":0,"comment_status":"closed","ping_status":"closed","template":"","meta":[],"yoast_head":"<!-- This site is optimized with the Yoast SEO plugin v15.9 - https:\/\/yoast.com\/wordpress\/plugins\/seo\/ -->\n<title>Sobre Nosotros - Riveiro 1980 Quien es Beni y Mario Riveiro<\/title>\n<meta name=\"description\" content=\"Beni y Mario Riveiro. Subcampeones del Mundo de peluquer\u00eda masculina y barber\u00eda en la competici\u00f3n m\u00e1s longeva y grande del mundo OMC HairWorld.\" \/>\n<meta name=\"robots\" content=\"index, follow, max-snippet:-1, max-image-preview:large, max-video-preview:-1\" \/>\n<link rel=\"canonical\" href=\"https:\/\/www.riveiro1980.com\/index.php\/sobre-nosotros-mario-riveiro\/\" \/>\n<meta property=\"og:locale\" content=\"es_ES\" \/>\n<meta property=\"og:type\" content=\"article\" \/>\n<meta property=\"og:title\" content=\"Sobre Nosotros - Riveiro 1980 Quien es Beni y Mario Riveiro\" \/>\n<meta property=\"og:description\" content=\"Beni y Mario Riveiro. Subcampeones del Mundo de peluquer\u00eda masculina y barber\u00eda en la competici\u00f3n m\u00e1s longeva y grande del mundo OMC HairWorld.\" \/>\n<meta property=\"og:url\" content=\"https:\/\/www.riveiro1980.com\/index.php\/sobre-nosotros-mario-riveiro\/\" \/>\n<meta property=\"og:site_name\" content=\"Riveiro 1980\" \/>\n<meta property=\"article:modified_time\" content=\"2020-06-02T18:50:52+00:00\" \/>\n<meta property=\"og:image\" content=\"https:\/\/www.riveiro1980.com\/wp-content\/uploads\/2020\/04\/Beni-y-Mario-scaled-e1587828468577.jpg\" \/>\n\t<meta property=\"og:image:width\" content=\"2508\" \/>\n\t<meta property=\"og:image:height\" content=\"1166\" \/>\n<meta name=\"twitter:card\" content=\"summary_large_image\" \/>\n<meta name=\"twitter:label1\" content=\"Tiempo de lectura\">\n\t<meta name=\"twitter:data1\" content=\"1 minuto\">\n<script type=\"application\/ld+json\" class=\"yoast-schema-graph\">{\"@context\":\"https:\/\/schema.org\",\"@graph\":[{\"@type\":[\"Person\",\"Organization\"],\"@id\":\"https:\/\/www.riveiro1980.com\/#\/schema\/person\/9790ca94c2d1b180395d23e735e6684c\",\"name\":\"admin\",\"image\":{\"@type\":\"ImageObject\",\"@id\":\"https:\/\/www.riveiro1980.com\/#personlogo\",\"inLanguage\":\"es\",\"url\":\"https:\/\/www.riveiro1980.com\/wp-content\/litespeed\/avatar\/fd07d3280eb24f6947597c07e58f52d7.jpg?ver=1777192546\",\"caption\":\"admin\"},\"logo\":{\"@id\":\"https:\/\/www.riveiro1980.com\/#personlogo\"},\"sameAs\":[\"https:\/\/www.riveiro1980.com\"]},{\"@type\":\"WebSite\",\"@id\":\"https:\/\/www.riveiro1980.com\/#website\",\"url\":\"https:\/\/www.riveiro1980.com\/\",\"name\":\"Riveiro1980\",\"description\":\"Peluquer&iacute;a y Barber&iacute;a\",\"publisher\":{\"@id\":\"https:\/\/www.riveiro1980.com\/#\/schema\/person\/9790ca94c2d1b180395d23e735e6684c\"},\"potentialAction\":[{\"@type\":\"SearchAction\",\"target\":\"https:\/\/www.riveiro1980.com\/?s={search_term_string}\",\"query-input\":\"required name=search_term_string\"}],\"inLanguage\":\"es\"},{\"@type\":\"ImageObject\",\"@id\":\"https:\/\/www.riveiro1980.com\/index.php\/sobre-nosotros-mario-riveiro\/#primaryimage\",\"inLanguage\":\"es\",\"url\":\"https:\/\/www.riveiro1980.com\/wp-content\/uploads\/2020\/04\/Beni-y-Mario-scaled-e1587828468577.jpg\",\"width\":2508,\"height\":1166,\"caption\":\"Beni y Mario Riveiro\"},{\"@type\":\"WebPage\",\"@id\":\"https:\/\/www.riveiro1980.com\/index.php\/sobre-nosotros-mario-riveiro\/#webpage\",\"url\":\"https:\/\/www.riveiro1980.com\/index.php\/sobre-nosotros-mario-riveiro\/\",\"name\":\"Sobre Nosotros - Riveiro 1980 Quien es Beni y Mario Riveiro\",\"isPartOf\":{\"@id\":\"https:\/\/www.riveiro1980.com\/#website\"},\"primaryImageOfPage\":{\"@id\":\"https:\/\/www.riveiro1980.com\/index.php\/sobre-nosotros-mario-riveiro\/#primaryimage\"},\"datePublished\":\"2020-04-24T20:33:43+00:00\",\"dateModified\":\"2020-06-02T18:50:52+00:00\",\"description\":\"Beni y Mario Riveiro. Subcampeones del Mundo de peluquer\\u00eda masculina y barber\\u00eda en la competici\\u00f3n m\\u00e1s longeva y grande del mundo OMC HairWorld.\",\"breadcrumb\":{\"@id\":\"https:\/\/www.riveiro1980.com\/index.php\/sobre-nosotros-mario-riveiro\/#breadcrumb\"},\"inLanguage\":\"es\",\"potentialAction\":[{\"@type\":\"ReadAction\",\"target\":[\"https:\/\/www.riveiro1980.com\/index.php\/sobre-nosotros-mario-riveiro\/\"]}]},{\"@type\":\"BreadcrumbList\",\"@id\":\"https:\/\/www.riveiro1980.com\/index.php\/sobre-nosotros-mario-riveiro\/#breadcrumb\",\"itemListElement\":[{\"@type\":\"ListItem\",\"position\":1,\"item\":{\"@type\":\"WebPage\",\"@id\":\"https:\/\/www.riveiro1980.com\/\",\"url\":\"https:\/\/www.riveiro1980.com\/\",\"name\":\"Portada\"}},{\"@type\":\"ListItem\",\"position\":2,\"item\":{\"@type\":\"WebPage\",\"@id\":\"https:\/\/www.riveiro1980.com\/index.php\/sobre-nosotros-mario-riveiro\/\",\"url\":\"https:\/\/www.riveiro1980.com\/index.php\/sobre-nosotros-mario-riveiro\/\",\"name\":\"Sobre Nosotros\"}}]}]}<\/script>\n<!-- \/ Yoast SEO plugin. -->","_links":{"self":[{"href":"https:\/\/www.riveiro1980.com\/index.php\/wp-json\/wp\/v2\/pages\/19"}],"collection":[{"href":"https:\/\/www.riveiro1980.com\/index.php\/wp-json\/wp\/v2\/pages"}],"about":[{"href":"https:\/\/www.riveiro1980.com\/index.php\/wp-json\/wp\/v2\/types\/page"}],"author":[{"embeddable":true,"href":"https:\/\/www.riveiro1980.com\/index.php\/wp-json\/wp\/v2\/users\/1"}],"replies":[{"embeddable":true,"href":"https:\/\/www.riveiro1980.com\/index.php\/wp-json\/wp\/v2\/comments?post=19"}],"version-history":[{"count":11,"href":"https:\/\/www.riveiro1980.com\/index.php\/wp-json\/wp\/v2\/pages\/19\/revisions"}],"predecessor-version":[{"id":322,"href":"https:\/\/www.riveiro1980.com\/index.php\/wp-json\/wp\/v2\/pages\/19\/revisions\/322"}],"wp:featuredmedia":[{"embeddable":true,"href":"https:\/\/www.riveiro1980.com\/index.php\/wp-json\/wp\/v2\/media\/20"}],"wp:attachment":[{"href":"https:\/\/www.riveiro1980.com\/index.php\/wp-json\/wp\/v2\/media?parent=19"}],"curies":[{"name":"wp","href":"https:\/\/api.w.org\/{rel}","templated":true}]}}

<p>Somos <strong>Beni y Mario</strong> <strong>Riveiro</strong>. Si quieres saber algo sobre nosotros, comenzaremos contándote con algo tan simple como que somos un padre y un hijo trabajando codo con codo en la pasión que a ambos nos une, la <strong>peluquería de caballeros y la barbería</strong>. </p>



<p class="has-text-align-left">Contamos con una <strong>trayectoria en el sector </strong>de la imagen personal masculina de<strong> más de 40 y 25 años</strong> respectivamente. Contamos con multitud de premios tanto nacionales como internacionales. Hasta llegar a tan alto nivel como el de ser <strong><a rel="noreferrer noopener" href="https://tocado.es/espana-subcampeona-del-mundo-de-barberia/" target="_blank">Subcampeones del Mundo</a> </strong>en la competición más longeva y grande a nivel mundial OMC HairWorld.  La competición es una de nuestras pasiones más sacrificadas&#8230;  </p>



<p>Beni es un competidor nato desde sus inicios, acumula infinidad de premios entre los que cuenta con el Peine de Oro. En nuestro perfil de Instagram cada semana os contamos un poco de nuestra historia. ¡Pásate a verlo!  Mario, por su parte, empezó a competir a los 15 años pero, aunque triunfante, decidió no seguir este camino hasta 2019. Volvió y lo hizo por la puerta grande, primer mundial al que se presentaba y logró ser Subcampeón del Mundo individual de Peluquería masculina y mismo título por mejor equipo de Barberos. </p>



<p>Ya podéis intuir que esto de ser peluqueros no es un trabajo para nosotros, es una pasión. </p>



<p><a rel="noreferrer noopener" href="https://www.riveiro1980.com/index.php/reserva-de-citas/" target="_blank">¡Os esperamos con los brazos abiertos en nuestro salón!</a> Ser un local familiar es uno de nuestros grandes valores. </p>



<p>Beni y Mario Riveiro. </p>
<!-- AddThis Advanced Settings generic via filter on the_content --><!-- AddThis Share Buttons generic via filter on the_content -->

<p>Somos Beni y Mario Riveiro. Si quieres saber algo sobre nosotros, comenzaremos contándote con algo tan simple como que somos un padre y un hijo trabajando codo con codo en la pasión que a ambos nos une, la peluquería de caballeros y la barbería. Contamos con una trayectoria en el sector de la imagen personal &hellip; </p>
<p class="link-more"><a href="https://www.riveiro1980.com/index.php/sobre-nosotros-mario-riveiro/" class="more-link">Continuar leyendo<span class="screen-reader-text"> «Sobre Nosotros»</span></a></p>
<p><!-- AddThis Advanced Settings generic via filter on get_the_excerpt --><!-- AddThis Share Buttons generic via filter on get_the_excerpt --></p>

<!-- This site is optimized with the Yoast SEO plugin v15.9 - https://yoast.com/wordpress/plugins/seo/ -->
<title>Sobre Nosotros - Riveiro 1980 Quien es Beni y Mario Riveiro</title>
<meta name="description" content="Beni y Mario Riveiro. Subcampeones del Mundo de peluquería masculina y barbería en la competición más longeva y grande del mundo OMC HairWorld." />
<meta name="robots" content="index, follow, max-snippet:-1, max-image-preview:large, max-video-preview:-1" />
<link rel="canonical" href="https://www.riveiro1980.com/index.php/sobre-nosotros-mario-riveiro/" />
<meta property="og:locale" content="es_ES" />
<meta property="og:type" content="article" />
<meta property="og:title" content="Sobre Nosotros - Riveiro 1980 Quien es Beni y Mario Riveiro" />
<meta property="og:description" content="Beni y Mario Riveiro. Subcampeones del Mundo de peluquería masculina y barbería en la competición más longeva y grande del mundo OMC HairWorld." />
<meta property="og:url" content="https://www.riveiro1980.com/index.php/sobre-nosotros-mario-riveiro/" />
<meta property="og:site_name" content="Riveiro 1980" />
<meta property="article:modified_time" content="2020-06-02T18:50:52+00:00" />
<meta property="og:image" content="https://www.riveiro1980.com/wp-content/uploads/2020/04/Beni-y-Mario-scaled-e1587828468577.jpg" />
	<meta property="og:image:width" content="2508" />
	<meta property="og:image:height" content="1166" />
<meta name="twitter:card" content="summary_large_image" />
<meta name="twitter:label1" content="Tiempo de lectura">
	<meta name="twitter:data1" content="1 minuto">
<script type="application/ld+json" class="yoast-schema-graph">{"@context":"https://schema.org","@graph":[{"@type":["Person","Organization"],"@id":"https://www.riveiro1980.com/#/schema/person/9790ca94c2d1b180395d23e735e6684c","name":"admin","image":{"@type":"ImageObject","@id":"https://www.riveiro1980.com/#personlogo","inLanguage":"es","url":"https://www.riveiro1980.com/wp-content/litespeed/avatar/fd07d3280eb24f6947597c07e58f52d7.jpg?ver=1777192546","caption":"admin"},"logo":{"@id":"https://www.riveiro1980.com/#personlogo"},"sameAs":["https://www.riveiro1980.com"]},{"@type":"WebSite","@id":"https://www.riveiro1980.com/#website","url":"https://www.riveiro1980.com/","name":"Riveiro1980","description":"Peluquer&iacute;a y Barber&iacute;a","publisher":{"@id":"https://www.riveiro1980.com/#/schema/person/9790ca94c2d1b180395d23e735e6684c"},"potentialAction":[{"@type":"SearchAction","target":"https://www.riveiro1980.com/?s={search_term_string}","query-input":"required name=search_term_string"}],"inLanguage":"es"},{"@type":"ImageObject","@id":"https://www.riveiro1980.com/index.php/sobre-nosotros-mario-riveiro/#primaryimage","inLanguage":"es","url":"https://www.riveiro1980.com/wp-content/uploads/2020/04/Beni-y-Mario-scaled-e1587828468577.jpg","width":2508,"height":1166,"caption":"Beni y Mario Riveiro"},{"@type":"WebPage","@id":"https://www.riveiro1980.com/index.php/sobre-nosotros-mario-riveiro/#webpage","url":"https://www.riveiro1980.com/index.php/sobre-nosotros-mario-riveiro/","name":"Sobre Nosotros - Riveiro 1980 Quien es Beni y Mario Riveiro","isPartOf":{"@id":"https://www.riveiro1980.com/#website"},"primaryImageOfPage":{"@id":"https://www.riveiro1980.com/index.php/sobre-nosotros-mario-riveiro/#primaryimage"},"datePublished":"2020-04-24T20:33:43+00:00","dateModified":"2020-06-02T18:50:52+00:00","description":"Beni y Mario Riveiro. Subcampeones del Mundo de peluquer\u00eda masculina y barber\u00eda en la competici\u00f3n m\u00e1s longeva y grande del mundo OMC HairWorld.","breadcrumb":{"@id":"https://www.riveiro1980.com/index.php/sobre-nosotros-mario-riveiro/#breadcrumb"},"inLanguage":"es","potentialAction":[{"@type":"ReadAction","target":["https://www.riveiro1980.com/index.php/sobre-nosotros-mario-riveiro/"]}]},{"@type":"BreadcrumbList","@id":"https://www.riveiro1980.com/index.php/sobre-nosotros-mario-riveiro/#breadcrumb","itemListElement":[{"@type":"ListItem","position":1,"item":{"@type":"WebPage","@id":"https://www.riveiro1980.com/","url":"https://www.riveiro1980.com/","name":"Portada"}},{"@type":"ListItem","position":2,"item":{"@type":"WebPage","@id":"https://www.riveiro1980.com/index.php/sobre-nosotros-mario-riveiro/","url":"https://www.riveiro1980.com/index.php/sobre-nosotros-mario-riveiro/","name":"Sobre Nosotros"}}]}]}</script>
<!-- / Yoast SEO plugin. -->
