{"id":125,"date":"2020-04-25T12:29:37","date_gmt":"2020-04-25T12:29:37","guid":{"rendered":"https:\/\/www.riveiro1980.com\/?page_id=125"},"modified":"2020-04-25T12:49:21","modified_gmt":"2020-04-25T12:49:21","slug":"politica-de-cookies","status":"publish","type":"page","link":"https:\/\/www.riveiro1980.com\/index.php\/politica-de-cookies\/","title":{"rendered":"Pol\u00edtica de Cookies"},"content":{"rendered":"\n<div class=\"wp-block-image\"><figure class=\"aligncenter size-large is-resized\"><img loading=\"lazy\" src=\"https:\/\/www.riveiro1980.com\/wp-content\/uploads\/2020\/04\/Captura-de-pantalla-2020-04-25-a-las-14.28.33.png\" alt=\"Pol\u00edtica de Cookies\" class=\"wp-image-126\" width=\"383\" height=\"234\" srcset=\"https:\/\/www.riveiro1980.com\/wp-content\/uploads\/2020\/04\/Captura-de-pantalla-2020-04-25-a-las-14.28.33.png 510w, https:\/\/www.riveiro1980.com\/wp-content\/uploads\/2020\/04\/Captura-de-pantalla-2020-04-25-a-las-14.28.33-300x184.png 300w\" sizes=\"(max-width: 383px) 100vw, 383px\" \/><\/figure><\/div>\n\n\n\n<p>En la Pol\u00edtica de Cookies de Riveiro 1980, cumplimos con avisarte que este sitio puede recolectar informaci\u00f3n en forma autom\u00e1tica al utilizar cookies, es por esto que solicitamos con confirmaci\u00f3n y te pedimos que leas atentamente tanto las pol\u00edticas de cookies como las pol\u00edticas de privacidad, para que puedas disfrutar del contenido con total tranquilidad.<br><br>En la Pol\u00edtica de Cookies de Riveiro 1980, buscamos ser trasparentes.<\/p>\n\n\n\n<h2>\u00bfQue son las Cookies?<\/h2>\n\n\n\n<p>Las cookies constituyen una herramienta empleada por los servidores Web para almacenar y recuperar informaci\u00f3n acerca de sus visitantes. No es m\u00e1s que un fichero de texto que algunos servidores piden a nuestro navegador que escriba en nuestro disco duro, con informaci\u00f3n acerca de lo que hemos estado haciendo por sus p\u00e1ginas. Poseen una fecha de caducidad, que puede oscilar desde el tiempo que dure la sesi\u00f3n hasta una fecha futura especificada, a partir de la cual dejan de ser operativa.<\/p>\n\n\n\n<h2><strong>Para que utilizamos cookies<\/strong><\/h2>\n\n\n\n<p><strong>Las cookies de esta web ayudan a:<\/strong><\/p>\n\n\n\n<ul><li>Hacer que esta web funcione correctamente<\/li><li>Ahorrarle el tener que iniciar sesi\u00f3n cada vez que visitas este sitio<\/li><li>Recordarte tus ajustes durante y entre las visitas<\/li><li>Permitirte visualizar videos<\/li><li>Mejorar la velocidad \/ seguridad del sitio<\/li><li>Que pueda compartir p\u00e1ginas con redes sociales<\/li><li>Mejorar continuamente de este sitio web<\/li><li>Mostrarte anuncios en funci\u00f3n de tus h\u00e1bitos de navegaci\u00f3n.<\/li><\/ul>\n\n\n\n<p><strong>No utilizare jam\u00e1s cookies para:<\/strong><\/p>\n\n\n\n<ul><li>Recoger informaci\u00f3n de identificaci\u00f3n personal (sin tu permiso expreso)<\/li><li>Recoger informaci\u00f3n sensible (sin tu permiso expreso)<\/li><li>Compartir datos de identificaci\u00f3n personal a terceros<\/li><\/ul>\n\n\n\n<p>Como usuario, puedes rechazar el tratamiento de los datos o la informaci\u00f3n bloqueando estas cookies mediante la configuraci\u00f3n apropiada de tu navegador. Sin embargo, debes saber que, si lo haces, este sitio no funcione adecuadamente. Al entrar al sitio, si contin\u00faas navegando,&nbsp;<strong>estar\u00e1s prestando tu consentimiento<\/strong>&nbsp;para el empleo de las cookies que detallo a continuaci\u00f3n.<\/p>\n\n\n\n<h2>Que tipos de cookies podrian ser utilizadas.<\/h2>\n\n\n\n<h3><strong>Cookies propias:<\/strong><\/h3>\n\n\n\n<ul><li>Cookies de almacenamiento de sesi\u00f3n, para garantizar que los usuarios que escriban comentarios en el blog sean humanos y no aplicaciones automatizadas. De esta forma se combate el&nbsp;<em>spam<\/em>. Estas cookies se borran cuando dejas de navegar en nuestra web o, en el caso de tener la sesi\u00f3n activa, adem\u00e1s cierres sesi\u00f3n.<\/li><li>Cookies de almacenamiento local: Para mantener sesiones abiertas y el propio consentimiento de cookies guardado.<\/li><li>Otras cookies:<\/li><\/ul>\n\n\n\n<p>Debes conocer que teniendo en cuenta la forma en la que funciona Internet y los sitios web,&nbsp;no siempre es posible contar con informaci\u00f3n actualizada de todas las cookies que terceras partes puedan utilizar a trav\u00e9s de este sitio web.<\/p>\n\n\n\n<h3><strong>Cookies de terceros:<\/strong><\/h3>\n\n\n\n<p>Esta web, como la mayor\u00eda de sitios web, incluye funcionalidades proporcionadas por terceros, por lo tanto en la pol\u00edtica de cookies de syspa social cumplimos con mencionarlas.<\/p>\n\n\n\n<p><strong>Cookies de an\u00e1lisis:<\/strong>&nbsp;Son recabadas \u00fanicamente por terceros, como por ejemplo Google Analytics, que nos permite cuantificar el n\u00famero de usuarios y as\u00ed realizar la medici\u00f3n y an\u00e1lisis estad\u00edstico de la utilizaci\u00f3n que hacen los usuarios del servicio ofertado. Para ello se analiza su navegaci\u00f3n en nuestra p\u00e1gina web con el fin de mejorar la oferta de productos o servicios que te ofrecemos.<\/p>\n\n\n\n<p><strong>Cookies publicitarias<\/strong>: Los proveedores, incluido Google Adsense, utilizan cookies para mostrar anuncios relevantes ateni\u00e9ndose las visitas anteriores de un usuario a su sitio web o a otros sitios web. Este sitio puede utilizar google y otros tipos de anuncios.<\/p>\n\n\n\n<p>El usuario puede consultar&nbsp;<a href=\"https:\/\/www.google.es\/intl\/es\/policies\/technologies\/types\/\" target=\"_blank\" rel=\"noreferrer noopener\">aqu\u00ed<\/a>&nbsp;el tipo de cookies utilizadas por Google.<\/p>\n\n\n\n<p>Los usuarios pueden inhabilitar la publicidad personalizada de Google, para ello, deber\u00e1n acceder a&nbsp;<a href=\"https:\/\/www.google.com\/settings\/ads\" target=\"_blank\" rel=\"noreferrer noopener\">Preferencias de anuncios<\/a>.<\/p>\n\n\n\n<p><strong>Cookies de redes sociales:<\/strong>&nbsp;Cada red social utiliza sus propias&nbsp;<em>cookies<\/em>&nbsp;para que usted pueda pinchar en botones del tipo&nbsp;<em>Me gusta<\/em>&nbsp;o&nbsp;<em>Compartir<\/em>. As\u00ed como en comentarios de facebook integrados en algunos de nuestros art\u00edculos.<br><br>En la Pol\u00edtica de Cookies de Riveiro 1980, buscamos estas redes para estar mas conectados!<\/p>\n\n\n\n<h2>Redes Sociales<\/h2>\n\n\n\n<p>A continuaci\u00f3n, se muestran las paginas webs de las pol\u00edticas de privacidad de las redes sociales que podr\u00edan ser utilizadas por esta web.<\/p>\n\n\n\n<ul><li>Linkedin:&nbsp;<a rel=\"noreferrer noopener\" href=\"https:\/\/www.linkedin.com\/legal\/cookie-policy?trk=hp-cookies\" target=\"_blank\">Pol\u00edtica de cookies<\/a><\/li><li>Facebook:&nbsp;<a rel=\"noreferrer noopener\" href=\"https:\/\/www.facebook.com\/help\/cookies?ref_type=sitefooter\" target=\"_blank\">Pol\u00edtica de Cookies<\/a><\/li><li>Youtube:&nbsp;<a rel=\"noreferrer noopener\" href=\"https:\/\/www.google.es\/intl\/es\/policies\/technologies\/cookies\/\" target=\"_blank\">Pol\u00edtica de Cookies<\/a><\/li><li>Instagram: <a href=\"https:\/\/help.instagram.com\/1896641480634370?ref=ig\" target=\"_blank\" rel=\"noreferrer noopener\">Pol\u00edtica de Cookies<\/a><\/li><\/ul>\n\n\n\n<p><strong>Otras cookies:<\/strong>&nbsp;para mejorar tu experiencia y funcionalidades utilizamos componentes de terceras partes y prestaciones ofrecidas como los servicios de WordPress. Estas funcionalidades pueden requerir el uso de cookies.<\/p>\n\n\n\n<p>Debes conocer que teniendo en cuenta la forma en la que funciona Internet y los sitios web,&nbsp;no siempre es posible contar con informaci\u00f3n actualizada de todas las cookies que terceras partes puedan utilizar a trav\u00e9s de este sitio web. <\/p>\n\n\n\n<h2>\u00bfComo puedo gestionar y desactivar estas cookies?<\/h2>\n\n\n\n<p>En el caso de que lo desees, cabe la posibilidad de adaptar tu navegador de modo que se te notifique antes de que se descarguen cookies.<\/p>\n\n\n\n<p>Tambi\u00e9n se puede modificar la configuraci\u00f3n del navegador de forma que rechace todas las cookies o \u00fanicamente las cookies de terceros. Tambi\u00e9n puedes eliminar cualquiera de las cookies que ya se encuentren en tu equipo.<\/p>\n\n\n\n<p>Ten en cuenta que tendr\u00e1s que adaptar por separado la configuraci\u00f3n de cada navegador y equipo que utilices.<\/p>\n\n\n\n<p>ESTA WEB&nbsp;&nbsp;pone a disposici\u00f3n de los usuarios que quieran impedir la instalaci\u00f3n de las mencionadas cookies, enlaces facilitados al efecto por navegadores cuyo uso se considera m\u00e1s extendido:<\/p>\n\n\n\n<p><a href=\"https:\/\/support.google.com\/chrome\/bin\/answer.py?hl=es-419&amp;answer=95647\" target=\"_blank\" rel=\"noreferrer noopener\">Google Chrome<\/a>&nbsp;\u2013&nbsp;<a rel=\"noreferrer noopener\" href=\"https:\/\/privacy.microsoft.com\/es-mx\/privacystatement\" target=\"_blank\">Internet Explorer<\/a>&nbsp;\u2013&nbsp;<a href=\"https:\/\/support.mozilla.org\/es\/kb\/habilitar-y-deshabilitar-cookies-que-los-sitios-we\" target=\"_blank\" rel=\"noreferrer noopener\">Mozilla Firefox<\/a>&nbsp;\u2013&nbsp;<a href=\"https:\/\/support.apple.com\/kb\/HT1677?viewlocale=es_ES%20%97%20http:\/\/support.apple.com\/kb\/ph5042\" target=\"_blank\" rel=\"noreferrer noopener\">Apple Safari<\/a><\/p>\n\n\n\n<p>Ademas de la Pol\u00edtica de Cookies de Riveiro 1980 social, tambi\u00e9n puedes ver:<br><br><a href=\"https:\/\/www.riveiro1980.com\/wp-admin\/post.php?post=116&amp;action=edit\" target=\"_blank\" rel=\"noreferrer noopener\">Pol\u00edticas de Privacidad.<\/a><br><a href=\"https:\/\/www.riveiro1980.com\/wp-admin\/post.php?post=121&amp;action=edit\" target=\"_blank\" rel=\"noreferrer noopener\">Aviso Legal.<\/a><\/p>\n<!-- AddThis Advanced Settings generic via filter on the_content --><!-- AddThis Share Buttons generic via filter on the_content -->","protected":false},"excerpt":{"rendered":"<p>En la Pol\u00edtica de Cookies de Riveiro 1980, cumplimos con avisarte que este sitio puede recolectar informaci\u00f3n en forma autom\u00e1tica al utilizar cookies, es por esto que solicitamos con confirmaci\u00f3n y te pedimos que leas atentamente tanto las pol\u00edticas de cookies como las pol\u00edticas de privacidad, para que puedas disfrutar del contenido con total tranquilidad. &hellip; <\/p>\n<p class=\"link-more\"><a href=\"https:\/\/www.riveiro1980.com\/index.php\/politica-de-cookies\/\" class=\"more-link\">Continuar leyendo<span class=\"screen-reader-text\"> \u00abPol\u00edtica de Cookies\u00bb<\/span><\/a><\/p>\n<p><!-- AddThis Advanced Settings generic via filter on get_the_excerpt --><!-- AddThis Share Buttons generic via filter on get_the_excerpt --><\/p>\n","protected":false},"author":1,"featured_media":0,"parent":0,"menu_order":0,"comment_status":"closed","ping_status":"closed","template":"","meta":[],"yoast_head":"<!-- This site is optimized with the Yoast SEO plugin v15.9 - https:\/\/yoast.com\/wordpress\/plugins\/seo\/ -->\n<title>Pol\u00edtica de Cookies - Riveiro 1980<\/title>\n<meta name=\"description\" content=\"En la Pol\u00edtica de Cookies de Riveiro 1980, cumplimos con avisarte que este sitio puede recolectar informaci\u00f3n en forma autom\u00e1tica al utilizar cookies\" \/>\n<meta name=\"robots\" content=\"index, follow, max-snippet:-1, max-image-preview:large, max-video-preview:-1\" \/>\n<link rel=\"canonical\" href=\"https:\/\/www.riveiro1980.com\/index.php\/politica-de-cookies\/\" \/>\n<meta property=\"og:locale\" content=\"es_ES\" \/>\n<meta property=\"og:type\" content=\"article\" \/>\n<meta property=\"og:title\" content=\"Pol\u00edtica de Cookies - Riveiro 1980\" \/>\n<meta property=\"og:description\" content=\"En la Pol\u00edtica de Cookies de Riveiro 1980, cumplimos con avisarte que este sitio puede recolectar informaci\u00f3n en forma autom\u00e1tica al utilizar cookies\" \/>\n<meta property=\"og:url\" content=\"https:\/\/www.riveiro1980.com\/index.php\/politica-de-cookies\/\" \/>\n<meta property=\"og:site_name\" content=\"Riveiro 1980\" \/>\n<meta property=\"article:modified_time\" content=\"2020-04-25T12:49:21+00:00\" \/>\n<meta property=\"og:image\" content=\"https:\/\/www.riveiro1980.com\/wp-content\/uploads\/2020\/04\/Captura-de-pantalla-2020-04-25-a-las-14.28.33.png\" \/>\n<meta name=\"twitter:card\" content=\"summary_large_image\" \/>\n<meta name=\"twitter:label1\" content=\"Tiempo de lectura\">\n\t<meta name=\"twitter:data1\" content=\"5 minutos\">\n<script type=\"application\/ld+json\" class=\"yoast-schema-graph\">{\"@context\":\"https:\/\/schema.org\",\"@graph\":[{\"@type\":[\"Person\",\"Organization\"],\"@id\":\"https:\/\/www.riveiro1980.com\/#\/schema\/person\/9790ca94c2d1b180395d23e735e6684c\",\"name\":\"admin\",\"image\":{\"@type\":\"ImageObject\",\"@id\":\"https:\/\/www.riveiro1980.com\/#personlogo\",\"inLanguage\":\"es\",\"url\":\"https:\/\/www.riveiro1980.com\/wp-content\/litespeed\/avatar\/fd07d3280eb24f6947597c07e58f52d7.jpg?ver=1778403204\",\"caption\":\"admin\"},\"logo\":{\"@id\":\"https:\/\/www.riveiro1980.com\/#personlogo\"},\"sameAs\":[\"https:\/\/www.riveiro1980.com\"]},{\"@type\":\"WebSite\",\"@id\":\"https:\/\/www.riveiro1980.com\/#website\",\"url\":\"https:\/\/www.riveiro1980.com\/\",\"name\":\"Riveiro1980\",\"description\":\"Peluquer&iacute;a y Barber&iacute;a\",\"publisher\":{\"@id\":\"https:\/\/www.riveiro1980.com\/#\/schema\/person\/9790ca94c2d1b180395d23e735e6684c\"},\"potentialAction\":[{\"@type\":\"SearchAction\",\"target\":\"https:\/\/www.riveiro1980.com\/?s={search_term_string}\",\"query-input\":\"required name=search_term_string\"}],\"inLanguage\":\"es\"},{\"@type\":\"ImageObject\",\"@id\":\"https:\/\/www.riveiro1980.com\/index.php\/politica-de-cookies\/#primaryimage\",\"inLanguage\":\"es\",\"url\":\"https:\/\/www.riveiro1980.com\/wp-content\/uploads\/2020\/04\/Captura-de-pantalla-2020-04-25-a-las-14.28.33.png\",\"width\":510,\"height\":312},{\"@type\":\"WebPage\",\"@id\":\"https:\/\/www.riveiro1980.com\/index.php\/politica-de-cookies\/#webpage\",\"url\":\"https:\/\/www.riveiro1980.com\/index.php\/politica-de-cookies\/\",\"name\":\"Pol\\u00edtica de Cookies - Riveiro 1980\",\"isPartOf\":{\"@id\":\"https:\/\/www.riveiro1980.com\/#website\"},\"primaryImageOfPage\":{\"@id\":\"https:\/\/www.riveiro1980.com\/index.php\/politica-de-cookies\/#primaryimage\"},\"datePublished\":\"2020-04-25T12:29:37+00:00\",\"dateModified\":\"2020-04-25T12:49:21+00:00\",\"description\":\"En la Pol\\u00edtica de Cookies de Riveiro 1980, cumplimos con avisarte que este sitio puede recolectar informaci\\u00f3n en forma autom\\u00e1tica al utilizar cookies\",\"breadcrumb\":{\"@id\":\"https:\/\/www.riveiro1980.com\/index.php\/politica-de-cookies\/#breadcrumb\"},\"inLanguage\":\"es\",\"potentialAction\":[{\"@type\":\"ReadAction\",\"target\":[\"https:\/\/www.riveiro1980.com\/index.php\/politica-de-cookies\/\"]}]},{\"@type\":\"BreadcrumbList\",\"@id\":\"https:\/\/www.riveiro1980.com\/index.php\/politica-de-cookies\/#breadcrumb\",\"itemListElement\":[{\"@type\":\"ListItem\",\"position\":1,\"item\":{\"@type\":\"WebPage\",\"@id\":\"https:\/\/www.riveiro1980.com\/\",\"url\":\"https:\/\/www.riveiro1980.com\/\",\"name\":\"Portada\"}},{\"@type\":\"ListItem\",\"position\":2,\"item\":{\"@type\":\"WebPage\",\"@id\":\"https:\/\/www.riveiro1980.com\/index.php\/politica-de-cookies\/\",\"url\":\"https:\/\/www.riveiro1980.com\/index.php\/politica-de-cookies\/\",\"name\":\"Pol\\u00edtica de Cookies\"}}]}]}<\/script>\n<!-- \/ Yoast SEO plugin. -->","_links":{"self":[{"href":"https:\/\/www.riveiro1980.com\/index.php\/wp-json\/wp\/v2\/pages\/125"}],"collection":[{"href":"https:\/\/www.riveiro1980.com\/index.php\/wp-json\/wp\/v2\/pages"}],"about":[{"href":"https:\/\/www.riveiro1980.com\/index.php\/wp-json\/wp\/v2\/types\/page"}],"author":[{"embeddable":true,"href":"https:\/\/www.riveiro1980.com\/index.php\/wp-json\/wp\/v2\/users\/1"}],"replies":[{"embeddable":true,"href":"https:\/\/www.riveiro1980.com\/index.php\/wp-json\/wp\/v2\/comments?post=125"}],"version-history":[{"count":2,"href":"https:\/\/www.riveiro1980.com\/index.php\/wp-json\/wp\/v2\/pages\/125\/revisions"}],"predecessor-version":[{"id":131,"href":"https:\/\/www.riveiro1980.com\/index.php\/wp-json\/wp\/v2\/pages\/125\/revisions\/131"}],"wp:attachment":[{"href":"https:\/\/www.riveiro1980.com\/index.php\/wp-json\/wp\/v2\/media?parent=125"}],"curies":[{"name":"wp","href":"https:\/\/api.w.org\/{rel}","templated":true}]}}