{"id":116,"date":"2020-04-25T11:59:09","date_gmt":"2020-04-25T11:59:09","guid":{"rendered":"https:\/\/www.riveiro1980.com\/?page_id=116"},"modified":"2020-04-25T12:47:28","modified_gmt":"2020-04-25T12:47:28","slug":"politica-de-privacidad","status":"publish","type":"page","link":"https:\/\/www.riveiro1980.com\/index.php\/politica-de-privacidad\/","title":{"rendered":"Pol\u00edtica de Privacidad"},"content":{"rendered":"\n<div class=\"wp-block-image\"><figure class=\"aligncenter size-large\"><img loading=\"lazy\" width=\"426\" height=\"279\" src=\"https:\/\/www.riveiro1980.com\/wp-content\/uploads\/2020\/04\/privacidad.png\" alt=\"Politica de Privacidad\" class=\"wp-image-117\" srcset=\"https:\/\/www.riveiro1980.com\/wp-content\/uploads\/2020\/04\/privacidad.png 426w, https:\/\/www.riveiro1980.com\/wp-content\/uploads\/2020\/04\/privacidad-300x196.png 300w\" sizes=\"(max-width: 426px) 100vw, 426px\" \/><\/figure><\/div>\n\n\n\n<p>Las Pol\u00edticas de Privacidad de Riveiro 1980 establecen los t\u00e9rminos en que riveiro1980.com usa y protege la informaci\u00f3n que es proporcionada por sus usuarios al momento de utilizar su sitio web. Estamos comprometidos con la seguridad de los datos de los usuarios. Cuando le pedimos llenar los campos de informaci\u00f3n personal con la cual usted pueda ser identificado, lo hacemos asegurando que s\u00f3lo se emplear\u00e1 de acuerdo con los t\u00e9rminos de este documento.<\/p>\n\n\n\n<h2>\u00bfComo se obtienen los datos?<\/h2>\n\n\n\n<p>Existen diferentes medios:<\/p>\n\n\n\n<ul><li>Formulario de contacto<\/li><li>Comentarios en los posts<\/li><li>Envios de mails<\/li><li>Cookies.<\/li><\/ul>\n\n\n\n<h2>Que informaci\u00f3n es recogida.<\/h2>\n\n\n\n<p>Nuestro sitio web podr\u00e1 recoger informaci\u00f3n personal, por ejemplo: Nombre,&nbsp;informaci\u00f3n de contacto como&nbsp;su direcci\u00f3n de correo electr\u00f3nico e informaci\u00f3n demogr\u00e1fica. As\u00ed mismo cuando sea necesario podr\u00e1 ser requerida informaci\u00f3n espec\u00edfica para procesar alg\u00fan pedido o realizar una entrega o facturaci\u00f3n.<\/p>\n\n\n\n<h2>Pol\u00edtica de Cookies<\/h2>\n\n\n\n<p>Ver\u00a0nuestras <a href=\"https:\/\/www.riveiro1980.com\/wp-admin\/post.php?post=125&amp;action=edit\" target=\"_blank\" rel=\"noreferrer noopener\">pol\u00edticas de cookies<\/a>.<\/p>\n\n\n\n<h2>Uso de la informaci\u00f3n<\/h2>\n\n\n\n<p>Nuestra web emplea la informaci\u00f3n con el fin de proporcionar el mejor servicio posible, mejorar su usabilidad, para mantener un registro de usuarios, de pedidos (en caso que aplique) y mejorar nuestros productos y servicios. &nbsp;Es posible que sean enviados correos electr\u00f3nicos a trav\u00e9s de nuestro sitio con notificaciones y ofertas que consideremos relevantes para usted, estos correos electr\u00f3nicos ser\u00e1n enviados a la direcci\u00f3n que usted proporcione y podr\u00e1n ser cancelados en cualquier momento.<\/p>\n\n\n\n<p><strong>Estamos comprometidos a cumplir con el compromiso de mantener su informaci\u00f3n segura y confidencial bajo Las Pol\u00edticas de Privacidad de RIVEIRO 1980.<\/strong><\/p>\n\n\n\n<h2>\u00bfCuales son tus derechos?<\/h2>\n\n\n\n<p>Cualquier persona tiene derecho a obtener confirmaci\u00f3n sobre si estamos tratando sus datos personales.<\/p>\n\n\n\n<p>Las personas interesadas tienen derecho a:<\/p>\n\n\n\n<ul><li>Solicitar el acceso a los datos personales relativos al interesado.<\/li><li>Solicitar su rectificaci\u00f3n o supresi\u00f3n.<\/li><li>Solicitar la limitaci\u00f3n de su tratamiento.<\/li><li>Oponerse al tratamiento.<\/li><li>Solicitar la portabilidad de los datos.<\/li><\/ul>\n\n\n\n<h2>\u00bfPor cuanto tiempo se conservaremos tus datos?<\/h2>\n\n\n\n<p>Los datos personales proporcionados se conservar\u00e1n:<\/p>\n\n\n\n<ul><li>Mientras se mantenga la relaci\u00f3n.<\/li><li>Hasta que no se solicite su supresi\u00f3n por el interesado.<\/li><li>En el caso de la cookies, seg\u00fan el tiempo de vigencia de las mismas o su definici\u00f3n de eliminarlas.<\/li><\/ul>\n\n\n\n<p><strong>Aceptaci\u00f3n y consentimiento<\/strong><\/p>\n\n\n\n<p>El usuario declara haber sido informado de las condiciones sobre protecci\u00f3n de datos de car\u00e1cter personal, aceptando y consintiendo el tratamiento de los mismos en la forma y para las finalidades indicadas en esta pol\u00edtica de privacidad.<\/p>\n\n\n\n<p>La base legal para el tratamiento de sus datos el consentimiento, por lo cual requerimos el suyo a estas pol\u00edticas de privacidad. Adicionalmente la contrataci\u00f3n de productos y\/o servicios se basan en los t\u00e9rminos y condiciones que constan en el&nbsp;aviso legal.<\/p>\n\n\n\n<h2>Responsable del tratamiento de datos.<\/h2>\n\n\n\n<ul><li>Identidad del Responsable: Riveiro 1980<\/li><li>Nombre Comercial: riveiro1980.com<\/li><li>Direcci\u00f3n: Pla\u00e7a de Bous, 3 46180 Benaguasil (Valencia).<\/li><li>Correo Electr\u00f3nico: mario.riveiro@gmail.com<\/li><\/ul>\n\n\n\n<h2>Enlaces a Terceros<\/h2>\n\n\n\n<p>Esta web pudiera contener en laces a otros sitios que pudieran ser de su inter\u00e9s. Una vez que usted de clic en estos enlaces y abandone nuestra p\u00e1gina, ya no tenemos control sobre al sitio al que es redirigido y por lo tanto no somos responsables de los t\u00e9rminos o privacidad ni de la protecci\u00f3n de sus datos en esos otros sitios terceros. Dichos sitios est\u00e1n sujetos a sus propias pol\u00edticas de privacidad por lo cual es recomendable que los consulte para confirmar que usted est\u00e1 de acuerdo con estas.<\/p>\n\n\n\n<h2>Anuncios de Google<\/h2>\n\n\n\n<ul><li>Los proveedores, incluido Google, utilizan cookies para mostrar anuncios relevantes ateni\u00e9ndose las visitas anteriores de un usuario a al sitio web.<\/li><li>El uso de cookies de publicidad permite a Google y a sus socios mostrar anuncios basados en las visitas realizadas por los usuarios a sus sitios web o a otros sitios web de Internet.<\/li><li>Los usuarios pueden inhabilitar la publicidad personalizada. Para ello, deber\u00e1n acceder a&nbsp;<a rel=\"noreferrer noopener\" href=\"https:\/\/www.google.com\/settings\/ads\" target=\"_blank\">Preferencias de anuncios<\/a>. Si no se desea que otros proveedores utilicen las cookies para la publicidad personalizada, deber\u00e1n acceder a&nbsp;<a rel=\"noreferrer noopener\" href=\"http:\/\/www.aboutads.info\/choices\/\" target=\"_blank\">www.aboutads.info<\/a>.<\/li><\/ul>\n\n\n\n<p>Si no ha&nbsp;<a href=\"https:\/\/support.google.com\/dfp_premium\/answer\/94152\" target=\"_blank\" rel=\"noreferrer noopener\">inhabilitado la publicaci\u00f3n de anuncios de terceros<\/a>, las cookies de otros&nbsp;<a href=\"https:\/\/support.google.com\/dfp_premium\/answer\/94149\" target=\"_blank\" rel=\"noreferrer noopener\">proveedores o redes publicitarias<\/a>&nbsp;tambi\u00e9n pueden utilizarse para publicar anuncios:<\/p>\n\n\n\n<ul><li>Este sitio web se muestran anuncios de otros proveedores y redes publicitarias.<\/li><li>Enlaces a los sitios web de los proveedores y de las redes publicitarias correspondientes.<\/li><li>Se puede visitar esos sitios web para inhabilitar el uso de cookies para la publicidad personalizada (en caso de que el proveedor o la red publicitaria ofrezcan esta opci\u00f3n). Tambi\u00e9n se puede acceder a&nbsp;<a rel=\"noreferrer noopener\" href=\"http:\/\/www.aboutads.info\/choices\/\" target=\"_blank\">www.aboutads.info<\/a>&nbsp;para inhabilitar el uso de cookies para la publicidad personalizada por parte de otros proveedores.<\/li><\/ul>\n\n\n\n<p>Ademas de las Pol\u00edticas de Privacidad de Riveiro 1980, tambi\u00e9n puedes ver:<br><br><a href=\"https:\/\/www.riveiro1980.com\/wp-admin\/post.php?post=125&amp;action=edit\" target=\"_blank\" rel=\"noreferrer noopener\">Pol\u00edticas de Cookies<\/a>.<br><a href=\"https:\/\/www.riveiro1980.com\/wp-admin\/post.php?post=121&amp;action=edit\" target=\"_blank\" rel=\"noreferrer noopener\">Aviso Legal<\/a>.<\/p>\n<!-- AddThis Advanced Settings generic via filter on the_content --><!-- AddThis Share Buttons generic via filter on the_content -->","protected":false},"excerpt":{"rendered":"<p>Las Pol\u00edticas de Privacidad de Riveiro 1980 establecen los t\u00e9rminos en que riveiro1980.com usa y protege la informaci\u00f3n que es proporcionada por sus usuarios al momento de utilizar su sitio web. Estamos comprometidos con la seguridad de los datos de los usuarios. Cuando le pedimos llenar los campos de informaci\u00f3n personal con la cual usted &hellip; <\/p>\n<p class=\"link-more\"><a href=\"https:\/\/www.riveiro1980.com\/index.php\/politica-de-privacidad\/\" class=\"more-link\">Continuar leyendo<span class=\"screen-reader-text\"> \u00abPol\u00edtica de Privacidad\u00bb<\/span><\/a><\/p>\n<p><!-- AddThis Advanced Settings generic via filter on get_the_excerpt --><!-- AddThis Share Buttons generic via filter on get_the_excerpt --><\/p>\n","protected":false},"author":1,"featured_media":0,"parent":0,"menu_order":0,"comment_status":"closed","ping_status":"closed","template":"","meta":[],"yoast_head":"<!-- This site is optimized with the Yoast SEO plugin v15.9 - https:\/\/yoast.com\/wordpress\/plugins\/seo\/ -->\n<title>Pol\u00edtica de Privacidad - Riveiro 1980<\/title>\n<meta name=\"description\" content=\"Las Pol\u00edticas de Privacidad de Riveiro 1980 establecen los t\u00e9rminos en que riveiro1980.com usa y protege la informaci\u00f3n que es proporcionada por sus usuarios al momento de utilizar su sitio web\" \/>\n<meta name=\"robots\" content=\"index, follow, max-snippet:-1, max-image-preview:large, max-video-preview:-1\" \/>\n<link rel=\"canonical\" href=\"https:\/\/www.riveiro1980.com\/index.php\/politica-de-privacidad\/\" \/>\n<meta property=\"og:locale\" content=\"es_ES\" \/>\n<meta property=\"og:type\" content=\"article\" \/>\n<meta property=\"og:title\" content=\"Pol\u00edtica de Privacidad - Riveiro 1980\" \/>\n<meta property=\"og:description\" content=\"Las Pol\u00edticas de Privacidad de Riveiro 1980 establecen los t\u00e9rminos en que riveiro1980.com usa y protege la informaci\u00f3n que es proporcionada por sus usuarios al momento de utilizar su sitio web\" \/>\n<meta property=\"og:url\" content=\"https:\/\/www.riveiro1980.com\/index.php\/politica-de-privacidad\/\" \/>\n<meta property=\"og:site_name\" content=\"Riveiro 1980\" \/>\n<meta property=\"article:modified_time\" content=\"2020-04-25T12:47:28+00:00\" \/>\n<meta property=\"og:image\" content=\"https:\/\/www.riveiro1980.com\/wp-content\/uploads\/2020\/04\/privacidad.png\" \/>\n<meta name=\"twitter:card\" content=\"summary_large_image\" \/>\n<meta name=\"twitter:label1\" content=\"Tiempo de lectura\">\n\t<meta name=\"twitter:data1\" content=\"4 minutos\">\n<script type=\"application\/ld+json\" class=\"yoast-schema-graph\">{\"@context\":\"https:\/\/schema.org\",\"@graph\":[{\"@type\":[\"Person\",\"Organization\"],\"@id\":\"https:\/\/www.riveiro1980.com\/#\/schema\/person\/9790ca94c2d1b180395d23e735e6684c\",\"name\":\"admin\",\"image\":{\"@type\":\"ImageObject\",\"@id\":\"https:\/\/www.riveiro1980.com\/#personlogo\",\"inLanguage\":\"es\",\"url\":\"https:\/\/www.riveiro1980.com\/wp-content\/litespeed\/avatar\/fd07d3280eb24f6947597c07e58f52d7.jpg?ver=1778403204\",\"caption\":\"admin\"},\"logo\":{\"@id\":\"https:\/\/www.riveiro1980.com\/#personlogo\"},\"sameAs\":[\"https:\/\/www.riveiro1980.com\"]},{\"@type\":\"WebSite\",\"@id\":\"https:\/\/www.riveiro1980.com\/#website\",\"url\":\"https:\/\/www.riveiro1980.com\/\",\"name\":\"Riveiro1980\",\"description\":\"Peluquer&iacute;a y Barber&iacute;a\",\"publisher\":{\"@id\":\"https:\/\/www.riveiro1980.com\/#\/schema\/person\/9790ca94c2d1b180395d23e735e6684c\"},\"potentialAction\":[{\"@type\":\"SearchAction\",\"target\":\"https:\/\/www.riveiro1980.com\/?s={search_term_string}\",\"query-input\":\"required name=search_term_string\"}],\"inLanguage\":\"es\"},{\"@type\":\"ImageObject\",\"@id\":\"https:\/\/www.riveiro1980.com\/index.php\/politica-de-privacidad\/#primaryimage\",\"inLanguage\":\"es\",\"url\":\"https:\/\/www.riveiro1980.com\/wp-content\/uploads\/2020\/04\/privacidad.png\",\"width\":426,\"height\":279},{\"@type\":\"WebPage\",\"@id\":\"https:\/\/www.riveiro1980.com\/index.php\/politica-de-privacidad\/#webpage\",\"url\":\"https:\/\/www.riveiro1980.com\/index.php\/politica-de-privacidad\/\",\"name\":\"Pol\\u00edtica de Privacidad - Riveiro 1980\",\"isPartOf\":{\"@id\":\"https:\/\/www.riveiro1980.com\/#website\"},\"primaryImageOfPage\":{\"@id\":\"https:\/\/www.riveiro1980.com\/index.php\/politica-de-privacidad\/#primaryimage\"},\"datePublished\":\"2020-04-25T11:59:09+00:00\",\"dateModified\":\"2020-04-25T12:47:28+00:00\",\"description\":\"Las Pol\\u00edticas de Privacidad de Riveiro 1980 establecen los t\\u00e9rminos en que riveiro1980.com usa y protege la informaci\\u00f3n que es proporcionada por sus usuarios al momento de utilizar su sitio web\",\"breadcrumb\":{\"@id\":\"https:\/\/www.riveiro1980.com\/index.php\/politica-de-privacidad\/#breadcrumb\"},\"inLanguage\":\"es\",\"potentialAction\":[{\"@type\":\"ReadAction\",\"target\":[\"https:\/\/www.riveiro1980.com\/index.php\/politica-de-privacidad\/\"]}]},{\"@type\":\"BreadcrumbList\",\"@id\":\"https:\/\/www.riveiro1980.com\/index.php\/politica-de-privacidad\/#breadcrumb\",\"itemListElement\":[{\"@type\":\"ListItem\",\"position\":1,\"item\":{\"@type\":\"WebPage\",\"@id\":\"https:\/\/www.riveiro1980.com\/\",\"url\":\"https:\/\/www.riveiro1980.com\/\",\"name\":\"Portada\"}},{\"@type\":\"ListItem\",\"position\":2,\"item\":{\"@type\":\"WebPage\",\"@id\":\"https:\/\/www.riveiro1980.com\/index.php\/politica-de-privacidad\/\",\"url\":\"https:\/\/www.riveiro1980.com\/index.php\/politica-de-privacidad\/\",\"name\":\"Pol\\u00edtica de Privacidad\"}}]}]}<\/script>\n<!-- \/ Yoast SEO plugin. -->","_links":{"self":[{"href":"https:\/\/www.riveiro1980.com\/index.php\/wp-json\/wp\/v2\/pages\/116"}],"collection":[{"href":"https:\/\/www.riveiro1980.com\/index.php\/wp-json\/wp\/v2\/pages"}],"about":[{"href":"https:\/\/www.riveiro1980.com\/index.php\/wp-json\/wp\/v2\/types\/page"}],"author":[{"embeddable":true,"href":"https:\/\/www.riveiro1980.com\/index.php\/wp-json\/wp\/v2\/users\/1"}],"replies":[{"embeddable":true,"href":"https:\/\/www.riveiro1980.com\/index.php\/wp-json\/wp\/v2\/comments?post=116"}],"version-history":[{"count":2,"href":"https:\/\/www.riveiro1980.com\/index.php\/wp-json\/wp\/v2\/pages\/116\/revisions"}],"predecessor-version":[{"id":129,"href":"https:\/\/www.riveiro1980.com\/index.php\/wp-json\/wp\/v2\/pages\/116\/revisions\/129"}],"wp:attachment":[{"href":"https:\/\/www.riveiro1980.com\/index.php\/wp-json\/wp\/v2\/media?parent=116"}],"curies":[{"name":"wp","href":"https:\/\/api.w.org\/{rel}","templated":true}]}}